{"id":726,"date":"2010-02-11T15:59:25","date_gmt":"2010-02-11T15:59:25","guid":{"rendered":"http:\/\/www.imediautama.com\/agivee\/?page_id=2"},"modified":"2012-09-20T13:28:30","modified_gmt":"2012-09-20T16:28:30","slug":"sobrenos","status":"publish","type":"page","link":"https:\/\/www.2atecnologia.com.br\/new\/index.php\/sobrenos\/","title":{"rendered":"Sobre N\u00f3s"},"content":{"rendered":"<p style=\"text-align: justify;\"><span style=\"color: #888888;\">Com Know-How acumulado desde 1994, a 2A Tecnologia, conta com profissionais qualificados e capacitados para atend\u00ea-lo em seu projeto de automa\u00e7\u00e3o. Somos credenciados pelos principais fabricantes e distribuidores do mercado. Nossas Solu\u00e7\u00f5es, contemplam os principais ramos de neg\u00f3cios, independente do porte, desde pequenos Lojistas a grandes Atacadistas, Hospitais, empresas de Log\u00edstica e Distribui\u00e7\u00e3o al\u00e9m de Ind\u00fastrias em geral.<\/span><\/p>\n<p style=\"text-align: justify;\"><span style=\"color: #888888;\">Nossa Principal Miss\u00e3o \u00e9 &#8220;Aumentar a Lucratividade do seu Neg\u00f3cio&#8221; atrav\u00e9s de Solu\u00e7\u00f5es Criativas e Inovadoras, reduzindo custos, sobretudo protegendo e garantindo o retorno do seu investimento.<\/span><\/p>\n<p style=\"text-align: justify;\"><span style=\"color: #888888;\">Conte conosco em seu projeto de automa\u00e7\u00e3o..<\/span><\/p>\n<h3 style=\"text-align: justify;\"><a href=\"http:\/\/www.2atecnologia.com.br\/new\/wp-content\/uploads\/2010\/02\/img-height.jpg\"><img loading=\"lazy\" decoding=\"async\" class=\"alignleft size-full wp-image-262\" title=\"img-height\" src=\"http:\/\/www.2atecnologia.com.br\/new\/wp-content\/uploads\/2010\/02\/img-height.jpg\" alt=\"\" width=\"213\" height=\"206\" srcset=\"https:\/\/www.2atecnologia.com.br\/new\/wp-content\/uploads\/2010\/02\/img-height.jpg 213w, https:\/\/www.2atecnologia.com.br\/new\/wp-content\/uploads\/2010\/02\/img-height-200x193.jpg 200w\" sizes=\"auto, (max-width: 213px) 100vw, 213px\" \/><\/a><span style=\"color: #000000;\">Porque\u00a0escolher a 2A Tecnologia como provedor de servi\u00e7os de automa\u00e7\u00e3o, identifica\u00e7\u00e3o e captura de dados \u00a0?<\/span><\/h3>\n<p style=\"text-align: justify;\">A 2A ajuda as empresas a usarem a tecnologia como diferencial competitivo, isso se torna realidade com nossas solu\u00e7\u00f5es em toda cadeia de suprimentos.<\/p>\n<p style=\"text-align: justify;\">Desenhamos solu\u00e7\u00f5es de acordo com suas necessidades, atendimento r\u00e1pido e personalizado com pre\u00e7os justos e de mercado.<\/p>\n<div style=\"text-align: justify;\"><\/div>\n<ul class=\"arrow\">\n<li>Profissionais certificados<\/li>\n<li>ITIL (Biblioteca de melhores pr\u00e1ticas para Gerenciamento de Servi\u00e7os de TI)<\/li>\n<li>Cobit 4.1 (Guia de boas pr\u00e1ticas e refer\u00eancias em Governan\u00e7a de TI apresentado como framework.)<\/li>\n<\/ul>\n<hr \/>\n","protected":false},"excerpt":{"rendered":"<p>Com Know-How acumulado desde 1994, a 2A Tecnologia, conta com profissionais qualificados e capacitados para atend\u00ea-lo em seu projeto de automa\u00e7\u00e3o. Somos credenciados pelos principais fabricantes e distribuidores do mercado. Nossas Solu\u00e7\u00f5es, contemplam os principais ramos de neg\u00f3cios, independente do porte, desde pequenos Lojistas a grandes Atacadistas, Hospitais, empresas de Log\u00edstica e Distribui\u00e7\u00e3o al\u00e9m de [&hellip;]<\/p>\n","protected":false},"author":1,"featured_media":0,"parent":0,"menu_order":0,"comment_status":"open","ping_status":"closed","template":"","meta":{"footnotes":""},"class_list":["post-726","page","type-page","status-publish","hentry"],"_links":{"self":[{"href":"https:\/\/www.2atecnologia.com.br\/new\/index.php\/wp-json\/wp\/v2\/pages\/726","targetHints":{"allow":["GET"]}}],"collection":[{"href":"https:\/\/www.2atecnologia.com.br\/new\/index.php\/wp-json\/wp\/v2\/pages"}],"about":[{"href":"https:\/\/www.2atecnologia.com.br\/new\/index.php\/wp-json\/wp\/v2\/types\/page"}],"author":[{"embeddable":true,"href":"https:\/\/www.2atecnologia.com.br\/new\/index.php\/wp-json\/wp\/v2\/users\/1"}],"replies":[{"embeddable":true,"href":"https:\/\/www.2atecnologia.com.br\/new\/index.php\/wp-json\/wp\/v2\/comments?post=726"}],"version-history":[{"count":24,"href":"https:\/\/www.2atecnologia.com.br\/new\/index.php\/wp-json\/wp\/v2\/pages\/726\/revisions"}],"predecessor-version":[{"id":1535,"href":"https:\/\/www.2atecnologia.com.br\/new\/index.php\/wp-json\/wp\/v2\/pages\/726\/revisions\/1535"}],"wp:attachment":[{"href":"https:\/\/www.2atecnologia.com.br\/new\/index.php\/wp-json\/wp\/v2\/media?parent=726"}],"curies":[{"name":"wp","href":"https:\/\/api.w.org\/{rel}","templated":true}]}}