{"id":565,"date":"2010-10-12T07:55:54","date_gmt":"2010-10-12T07:55:54","guid":{"rendered":"http:\/\/wp-demo.indonez.com\/Epsilon\/?page_id=565"},"modified":"2019-02-13T14:58:54","modified_gmt":"2019-02-13T17:58:54","slug":"oportunidades","status":"publish","type":"page","link":"https:\/\/www.2atecnologia.com.br\/new\/index.php\/oportunidades\/","title":{"rendered":"Oportunidades"},"content":{"rendered":"<p>No momento n\u00e3o h\u00e1 vagas dispon\u00edveis! Obrigado pelo seu interesse.<\/p>\n<p>&nbsp;<\/p>\n","protected":false},"excerpt":{"rendered":"<p>No momento n\u00e3o h\u00e1 vagas dispon\u00edveis! Obrigado pelo seu interesse. &nbsp;<\/p>\n","protected":false},"author":1,"featured_media":0,"parent":0,"menu_order":0,"comment_status":"open","ping_status":"open","template":"","meta":{"footnotes":""},"class_list":["post-565","page","type-page","status-publish","hentry"],"_links":{"self":[{"href":"https:\/\/www.2atecnologia.com.br\/new\/index.php\/wp-json\/wp\/v2\/pages\/565","targetHints":{"allow":["GET"]}}],"collection":[{"href":"https:\/\/www.2atecnologia.com.br\/new\/index.php\/wp-json\/wp\/v2\/pages"}],"about":[{"href":"https:\/\/www.2atecnologia.com.br\/new\/index.php\/wp-json\/wp\/v2\/types\/page"}],"author":[{"embeddable":true,"href":"https:\/\/www.2atecnologia.com.br\/new\/index.php\/wp-json\/wp\/v2\/users\/1"}],"replies":[{"embeddable":true,"href":"https:\/\/www.2atecnologia.com.br\/new\/index.php\/wp-json\/wp\/v2\/comments?post=565"}],"version-history":[{"count":21,"href":"https:\/\/www.2atecnologia.com.br\/new\/index.php\/wp-json\/wp\/v2\/pages\/565\/revisions"}],"predecessor-version":[{"id":5947,"href":"https:\/\/www.2atecnologia.com.br\/new\/index.php\/wp-json\/wp\/v2\/pages\/565\/revisions\/5947"}],"wp:attachment":[{"href":"https:\/\/www.2atecnologia.com.br\/new\/index.php\/wp-json\/wp\/v2\/media?parent=565"}],"curies":[{"name":"wp","href":"https:\/\/api.w.org\/{rel}","templated":true}]}}